?
-32
What is -12 (base 8) in base 9?
-11
Convert 0 (base 13) to base 5.
0
What is -1 (base 2) in base 4?
-1
Convert -201 (base 9) to base 10.
-163
Convert a (base 14) to base 13.
a
Convert 5 (base 13) to base 11.
5
8 (base 15) to base 8
10
What is 10 (base 3) in base 10?
3
4 (base 10) to base 8
4
Convert -7 (base 10) to base 2.
-111
What is 414 (base 6) in base 10?
154
Convert 3 (base 10) to base 2.
11
Convert -14 (base 9) to base 3.
-111
Convert a5 (base 12) to base 15.
85
Convert -12 (base 9) to base 16.
-b
What is 36 (base 13) in base 9?
50
What is 10 (base 6) in base 5?
11
What is 1011001 (base 2) in base 7?
155
What is 21 (base 5) in base 14?
b
What is 6 (base 9) in base 11?
6
What is -1 (base 12) in base 5?
-1
Convert -b2 (base 13) to base 12.
-101
67 (base 11) to base 16
49
Convert 0 (base 6) to base 7.
0
Convert -8c (base 13) to base 12.
-98
5 (base 7) to base 10
5
What is -6 (base 8) in base 6?
-10
b (base 12) to base 4
23
Convert -120 (base 3) to base 2.
-1111
What is 1 (base 16) in base 15?
1
What is 1110110 (base 2) in base 12?
9a
Convert -3 (base 13) to base 3.
-10
6 (base 9) to base 7
6
Convert -233 (base 4) to base 3.
-1202
-365 (base 7) to base 4
-3002
Convert -106 (base 7) to base 14.
-3d
Convert 311 (base 4) to base 16.
35
What is -1 (base 11) in base 5?
-1
Convert 1043 (base 6) to base 4.
3303
What is -33 (base 8) in base 16?
-1b
What is -12 (base 3) in base 7?
-5
1143 (base 5) to base 7
335
Convert -21100 (base 3) to base 14.
-102
What is 14 (base 15) in base 11?
18
What is 0 (base 2) in base 11?
0
What is -2 (base 9) in base 8?
-2
20 (base 10) to base 15
15
2 (base 4) to base 9
2
-7 (base 16) to base 9
-7
Convert -3 (base 5) to base 6.
-3
-215 (base 7) to base 16
-6e
What is 117 (base 11) in base 16?
8b
Convert -10 (base 3) to base 5.
-3
What is 142 (base 8) in base 15?
68
-21 (base 10) to base 4
-111
What is 10011 (base 2) in base 12?
17
Convert 57 (base 9) to base 6.
124
What is 301 (base 7) in base 5?
1043
What is 2 (base 3) in base 8?
2
-4 (base 8) to base 10
-4
Convert 2120 (base 3) to base 5.
234
Convert 0 (base 14) to base 11.
0
Convert -1c (base 15) to base 11.
-25
Convert 4 (base 13) to base 3.
11
Convert 2 (base 8) to base 12.
2
What is 2 (base 10) in base 4?
2
What is 6 (base 11) in base 12?
6
What is -2c (base 13) in base 15?
-28
121 (base 3) to base 5
31
170 (base 12) to base 13
147
Convert 201 (base 3) to base 4.
103
What is -19d (base 14) in base 4?
-11033
Convert 1 (base 5) to base 12.
1
What is -10010 (base 4) in base 11?
-217
Convert -11 (base 3) to base 7.
-4
What is -2b (base 16) in base 13?
-34
-13 (base 4) to base 12
-7
What is -8 (base 16) in base 8?
-10
-1a9 (base 13) to base 5
-2213
Convert -13 (base 13) to base 8.
-20
Convert 2 (base 3) to base 10.
2
32 (base 8) to base 4
122
Convert 18 (base 12) to base 16.
14
-256 (base 7) to base 10
-139
-10 (base 3) to base 2
-11
What is -6 (base 11) in base 7?
-6
Convert 10 (base 16) to base 8.
20
21 (base 9) to base 6
31
Convert -1 (base 10) to base 12.
-1
What is 14 (base 6) in base 7?
13
Convert 132 (base 6) to base 8.
70
-11 (base 8) to base 4
-21
What is -341 (base 6) in base 3?
-11221
Convert -29 (base 15) to base 8.
-47
Convert -40 (base 8) to base 5.
-112
Convert -28 (base 11) to base 2.
-11110
Convert 2 (base 3) to base 12.
2
What is -1 (base 3) in base 16?
-1
Convert -4 (base 8) to base 6.
-4
-28 (base 12) to base 8
-40
Convert -55 (base 12) to base 9.
-72
Convert -76 (base 8) to base 15.
-42
Convert b (base 14) to base 7.
14
Convert 155 (base 8) to base 4.
1231
Convert 1 (base 9) to base 13.
1
What is -1 (base 7) in base 14?
-1
What is -2200 (base 3) in base 12?
-60
Convert -11 (base 2) to base 8.
-3
-37 (base 12) to base 7
-61
What is 28 (base 12) in base 16?
20
101020 (base 3) to base 9
336
What is -3 (base 11) in base 7?
-3
-11 (base 12) to base 4
-31
Convert -3 (base 4) to base 3.
-10
-58 (base 9) to base 3
-1222
What is -12 (base 5) in base 11?
-7
Convert 48 (base 15) to base 4.
1010
Convert 0 (base 3) to base 11.
0
What is 7 (base 11) in base 4?
13
Convert 131 (base 10) to base 5.
1011
-3 (base 12) to base 13
-3
What is -43 (base 7) in base 14?
-23
Convert 134 (base 13) to base 9.
255
Convert 11021 (base 3) to base 2.
1110011
1a (base 16) to base 8
32
What is 2 (base 9) in base 15?
2
-26 (base 8) to base 12
-1a
Convert 52 (base 6) to base 4.
200
-c (base 14) to base 9
-13
Convert 22101 (base 3) to base 9.
271
Convert 3 (base 16) to base 12.
3
-74 (base 16) to base 13
-8c
Convert -ac (base 14) to base 9.
-178
What is -2 (base 3) in base 13?
-2
What is 10a (base 14) in base 8?
316
Convert -100 (base 6) to base 9.
-40
What is 8 (base 16) in base 13?
8
Convert -45 (base 12) to base 2.
-110101
3a (base 12) to base 4
232
What is 1 (base 9) in base 4?
1
What is 2 (base 12) in base 8?
2
What is -3 (base 11) in base 14?
-3
-10b (base 12) to base 4
-2123
Convert 65 (base 13) to base 12.
6b
Convert 2 (base 5) to base 9.
2
Convert 3 (base 11) to base 13.
3
Convert 97 (base 12) to base 5.
430
What is 45 (base 7) in base 2?
100001
Convert 4 (base 6) to base 8.
4
What is 45 (base 13) in base 7?
111
Convert -11 (base 2) to base 8.
-3
What is -2 (base 11) in base 5?
-2
What is -4 (base 13) in base 8?
-4
-5 (base 15) to base 16
-5
What is -230 (base 4) in base 11?
-40
What is -10011 (base 2) in base 9?
-21
Convert 154 (base 7) to base 11.
80
-30 (base 5) to base 4
-33
Convert 370 (base 8) to base 7.
503
What is 279 (base 11) in base 7?
646
43 (base 5) to base 13
1a
Convert 1 (base 2) to base 10.
1
-1 (base 3) to base 6
-1
Convert 11 (base 4) to base 6.
5
What is 10 (base 11) in base 5?
21
What is 11 (base 9) in base 11?
a
Convert -33 (base 9) to base 13.
-24
Convert 0 (base 9) to base 12.
0
-10 (base 7) to base 12
-7
What is 8 (base 13) in base 2?
1000
Convert 20 (base 12) to base 3.
220
-10 (base 10) to base 14
-a
Convert -1 (base 14) to base 13.
-1
222 (base 9) to base 7
350
What is -133 (base 6) in base 8?
-71
What is -1301 (base 5) in base 14?
-105
Convert 1 (base 7) to base 4.
1
Convert -9 (base 10) to base 16.
-9
12 (base 10) to base 3
110
What is 11 (base 3) in base 6?
4
Convert -1 (base 15) to base 3.
-1
Convert 10120 (base 4) to base 15.
13a
What is 2 (base 8) in base 14?
2
-531 (base 6) to base 14
-103
-58 (base 13) to base 10
-73
-3 (base 13) to base 2
-11
Convert -15 (base 7) to base 4.
-30
Convert -111 (base 3) to base 13.
-10
What is -24 (base 6) in base 11?
-15
Convert -1053 (base 6) to base 11.
-207
Convert 94 (base 12) to base 6.
304
Convert -12 (base 11) to base 3.
-111
2 (base 3) to base 16
2
Convert 5 (base 10) to base 12.
5
Convert -101 (base 5) to base 15.
-1b
-22 (base 5) to base 14
-c
Convert 24 (base 8) to base 7.
26
111200 (base 3) to base 7
1035
Convert -6 (base 16) to base 2.
-110
-14 (base 7) to base 13
-b
38 (base 10) to base 4
212
What is -2 (base 15) in base 10?
-2
What is 78 (base 10) in base 11?
71
-205 (base 12) to base 15
-148
What is 10 (base 5) in base 4?
11
Convert -22101 (base 3) to base 11.
-196
Convert 5 (base 6) to base 11.
5
Convert -17 (base 16) to base 9.
-25
What is 13 (base 13) in base 15?
11
Convert -2004 (base 5) to base 2.
-11111110
11 (base 2) to base 4
3
Convert 110 (base 3) to base 10.
12
-30 (base 15) to base 9
-50
What is 5 (base 14) in base 8?
5
Convert -16 (base 9) to base 11.
-14
What is 1000100 (base 2) in base 4?
1010
What is -21 (base 4) in base 12?
-9
Convert -20 (base 7) to base 5.
-24
What is -93 (base 10) in base 11?
-85
Convert -10 (base 4) to base 13.
-4
What is 1 (base 7) in base 12?
1
Convert 7 (base 12) to base 4.
13
Convert 1 (base 5) to base 8.
1
Convert -11 (base 10) to base 12.
-b
Convert 1 (base 5) to base 14.
1
Convert 1313 (base 4) to base 3.
11102
10 (base 2) to base 6
2
Convert 11110111 (base 2) to base 13.
160
What is 150 (base 13) in base 9?
280
Convert -100 (base 2) to base 11.
-4
Convert 11002 (base 3) to base 7.
215
What is -120 (base 8) in base 12?
-68
What is 27 (base 9) in base 15?
1a
Convert -3 (base 12) to base 7.
-3
What is -6 (base 7) in base 2?
-110
What is 66 (base 10) in base 9?
73
45 (base 6) to base 5
104
Convert 0 (base 4) to base 8.
0
-22 (base 6) to base 11
-13
What is -100000 (base 2) in base 4?
-200
3a (base 15) to base 16
37
Convert 142 (base 6) to base